 66*c. Let t(l) = l**2 + 13*l - 21. Let x be t(-15). Let w be ((-15)/10)/(x/(-6)). What are the prime factors of i(w)?
2, 3, 11
Let r(k) be the first derivative of k**3/3 - 3*k**2/2 + 20*k + 249. Let q(w) = w**3 + 5*w**2 - 6*w + 6. Let t be q(-6). What are the prime factors of r(t)?
2, 19
Let r = 10027 - 4896. Suppose -15*w = -r + 886. List the prime factors of w.
283
Let i(c) = 2*c**2 + 15*c - 199. Let m = -835 - -812. What are the prime factors of i(m)?
2, 257
Let c(g) = -g**3 + 55*g**2 - 44*g - 232. What are the prime factors of c(-18)?
2, 6053
Let g = 39 + -29. Suppose 7*s + 735 = g*s. Let c = s + -175. List the prime factors of c.
2, 5, 7
Let n(z) = z**2 + 7*z + 6. Let q be n(-1). Suppose 3*t + 4*a = 833, q = -5*t - 4*a - 184 + 1567. List the prime factors of t.
5, 11
Suppose 0 = -66*j + 67*j + r - 10220, -3*j - 4*r + 30665 = 0. List the prime factors of j.
3, 5, 227
Let r(z) = 26*z**2 + 11*z + 25. Let t be r(-4). Suppose -4*a - i + 2237 = 0, -2400 - t = -5*a - i. List the prime factors of a.
2, 5, 7
Let w = 60653 + -38790. What are the prime factors of w?
21863
Let k = -110 - -106. Let x(y) = 2*y**2 + y + y + 3*y**3 - 4*y**3. List the prime factors of x(k).
2, 11
Let u = -7567 - -16994. List the prime factors of u.
11, 857
Let n(s) = -s**3 - 9*s**2 + 10*s + 20. Let l be n(-10). Suppose -l = 7*a - 6. List the prime factors of (a - (-132)/2) + 0.
2
Let x = 158 + 508. Suppose -x + 4614 = 4*v. What are the prime factors of v?
3, 7, 47
Let o(a) = a**2 - 5*a + 9. Suppose 2*g + 126 = 9*g. Let x be 3 - ((-4)/6)/(g/81). List the prime factors of o(x).
3, 5
Suppose 97*g - 202160 = 41*g + 42*g. List the prime factors of g.
2, 5, 19
Suppose -3*u + 23*c = 25*c - 27323, 0 = 2*u + 4*c - 18210. What are the prime factors of u?
9109
Let x be ((-1452)/11)/(3 + -2) - -1. Let d = x - -265. What are the prime factors of d?
2, 67
Suppose -2*j + 61368 = 3*r - 65697, -254133 = -4*j - 5*r. What are the prime factors of j?
3, 21179
Suppose 44 - 14 = d. Let o be 18/5 + d/75. Suppose o*g = 5*g - 56. What are the prime factors of g?
2, 7
Let u(k) = -385*k + 12338. What are the prime factors of u(0)?
2, 31, 199
Suppose c + 14 = -2*d, -32 = 3*c - 6*d + 2*d. Let h = -4 - -5. List the prime factors of (1/(c/(-141)))/(h/8).
2, 47
Let h be (-4)/(-3) + ((-312)/(-9) - 25). Suppose 6*z = d + 4*z - 23, -z - 54 = -3*d. Suppose -h*m - 222 = -d*m. List the prime factors of m.
37
Let q(c) = c**2 - 12*c + 1. Let n be q(12). Suppose 0 = -4*y + y + 2*u - 5, y - u + n = 0. What are the prime factors of 2 - (1 - y/3 - 85)?
5, 17
Let k = 49 + -37. Let m be (21/(-6))/((-3)/k). Suppose -168 = 2*h - m*h. What are the prime factors of h?
2, 7
Let x = 12819 + -2481. What are the prime factors of x?
2, 3, 1723
Let d = -3945 - -5533. Suppose -d = -7*g + 4502. Suppose -g - 315 = -5*x. List the prime factors of x.
3, 79
Suppose 0 = -p - 2, 1 = -2*d - 4*p + 3. Suppose 186 = i + 4*j, j - 483 = -d*i + 542. List the prime factors of i.
2, 103
Let b = 3801 + -2539. List the prime factors of b.
2, 631
Suppose -67 = -2*u + 5*y, 0 = 56*u - 53*u - 5*y - 113. Suppose 38808 = -4*a + u*a. What are the prime factors of a?
2, 3, 7, 11
Suppose -44 = -4*g + 2*q - 4*q, -60 = -4*g + 2*q. What are the prime factors of 42/12*-6*-1*g?
3, 7, 13
Let x be 70 - (-4 + 2) - -4. Let n(c) = -c**3 + 13*c**2 - 12*c + 6. Let f be n(7). Let i = f - x. What are the prime factors of i?
2, 5, 7
List the prime factors of (-1 - 50)/(156/(-14040)).
2, 3, 5, 17
Suppose -6*a = 4*y - 9*a - 27, -5*a - 31 = -2*y. Suppose 5*l + 515 = 6*l + y*i, -511 = -l - 4*i. What are the prime factors of l?
17, 31
Let v(a) = 20*a**3 - 72*a**2 + 43*a + 235. Let r(g) = -7*g**3 + 24*g**2 - 14*g - 78. Let w(d) = 17*r(d) + 6*v(d). List the prime factors of w(25).
3, 13, 31
Let t(h) = -h**3 + 4*h**2 + 3*h + 3. Let o be t(5). Let n = -102 - -128. Let y = n - o. What are the prime factors of y?
3, 11
Suppose -3*o + 16575 = -11*u + 13*u, -3*u + 15*o + 24804 = 0. List the prime factors of u.
3, 11, 251
Suppose -2*k + 60 = 12. Let z = -15 + -3. Let d = z + k. List the prime factors of d.
2, 3
Let s be (4/5)/2*30. Suppose -45 = 221*b - 218*b. List the prime factors of (-27)/b*460/s.
3, 23
Suppose -4*i + 22*z + 43180 = 0, z + 10768 = 4*i - 3*i. List the prime factors of i.
2, 5381
Let z(j) be the second derivative of 17*j**3/6 - 41*j**2 + 26*j - 1. List the prime factors of z(13).
139
Suppose 0 = 3*s - 2*s - o - 3, 4*o = -3*s + 9. Let b(k) be the second derivative of 17*k**4/12 + 7*k**3/6 - 9*k**2/2 - 8*k. What are the prime factors of b(s)?
3, 5, 11
Suppose 13*z - 33006 - 280247 = -6*z. What are the prime factors of z?
16487
List the prime factors of 2 - 8/((-104)/368459).
5, 5669
Let o(m) = 230*m**2 - 9*m + 9. Let r be 1/((-8)/6)*464/(-174). List the prime factors of o(r).
911
Suppose -128 = -z + 191. Let n = 137 + z. What are the prime factors of n?
2, 3, 19
Let l(b) = 7586*b**2 + 139*b - 20. List the prime factors of l(2).
2, 11, 13, 107
Suppose 9 + 0 = 5*n + 3*r, -r = -3. Let s(b) = 56 - 50*b + 132*b + 153 - 80*b. List the prime factors of s(n).
11, 19
Let s = 356 + -358. List the prime factors of 8 - (-23040)/35 - s/(-7).
2, 3, 37
Suppose -o + 9*v - 9 = 8*v, 0 = 4*o + 5*v. Let x(m) = -3*m**3 - 3*m**2 + m + 9. List the prime factors of x(o).
2, 19
Let d(y) = 42*y**2 + 55*y - 226. What are the prime factors of d(15)?
13, 773
Suppose b - n = -2 + 4, 5*b + 5*n = -10. Let z(l) = -l**3 - 2*l**2 - 2*l + 3. Let x be z(-3). Suppose b = x*h + 745 - 2887. What are the prime factors of h?
7, 17
Let i(o) = 992*o**3 - 5*o**2 + 10. What are the prime factors of i(2)?
2, 3, 1321
Suppose -18*p + 123997 = 13711. Let k = p + -4246. List the prime factors of k.
3, 11, 19
Let s = 87 + -83. Suppose 26 = -s*o - 6. Let g = o + 196. List the prime factors of g.
2, 47
Let k(h) = 2*h**2 + h + 2. Let y be k(-1). Suppose y*r - 28 = -4*r. Suppose 146 - 17 = r*l - a, 0 = 2*l + a - 69. What are the prime factors of l?
3, 11
Let z(i) = 5*i**2 - 17*i - 26. Let u(k) = 2*k**2 - 6*k - 9. Let b(h) = -11*u(h) + 4*z(h). Let c be b(4). What are the prime factors of (5 + 145/(-15))*c?
2, 3, 5, 7
Suppose 79*w = 74*w + 35. Suppose w*p + 485 + 593 = 0. Let l = p + 318. What are the prime factors of l?
2, 41
Let o(v) = -239*v + 32. Let a be (4/8)/(5 + (-21)/4). What are the prime factors of o(a)?
2, 3, 5, 17
Let g = -31 - -21. List the prime factors of (42/g)/(12/(-1080)).
2, 3, 7
Let f(k) be the second derivative of -109*k**5/10 + k**4/4 + 3*k**3/2 + 11*k**2/2 + 104*k. What are the prime factors of f(-2)?
3, 11, 53
Suppose 11*v = 62*v + 10316 - 284492. List the prime factors of v.
2, 3, 7
Let f = 114 + 7286. What are the prime factors of f?
2, 5, 37
Suppose -3*o = 5*c - 617 - 1218, 5*c = -o + 595. Suppose o = -0*q + 4*q. Let u = q - 76. What are the prime factors of u?
79
Suppose -5*o - 316 = -m, -8*m + 1725 = -3*m + 4*o. Let a = m + -61. List the prime factors of a.
2, 5, 7
Let t be (-70)/(-28)*-1*(-4)/(-5). List the prime factors of (7 - -545)/(t - -3).
2, 3, 23
Suppose -516048 = 61*x - 113*x. What are the prime factors of x?
2, 3, 827
Let p = -60 - -62. Suppose 816 = p*r + 2*o - 7*o, -3*o + 12 = 0. What are the prime factors of r?
2, 11, 19
Suppose 3*k - 16*k = -6929. Let q = k - 1. What are the prime factors of q?
2, 7, 19
Let v = -101 + 258. Suppose -v = -5*k + 1673. Suppose -4*n - 2*u = -3*u - 363, 4*n + 2*u = k. What are the prime factors of n?
7, 13
Suppose -9*i + 50 = i. Suppose -i*n + 1365 = 5*c - 3*c, 2*c - 265 = -n. What are the prime factors of n?
5, 11
Let n(d) = -10*d - 52. Let f be n(-11). Suppose -5*m + 575 = -2*w, 0 = -m + w + f + 60. List the prime factors of m.
113
Let a(i) = 62*i - 494. Let d be a(8). Let f(g) = 2*g**2 + 17*g**2 - 3 - g + 4. What are the prime factors of f(d)?
3, 5
Suppose -5*i - 5*d + 115 = 0, 2*d = -4*i - 3*d + 95. Suppose 0 = -g, -5*w - g = g - i. Suppose -w*u + 720 = -0*u. What are the prime factors of u?
2, 3, 5
Let b(q) = q**3 - 3*q**2 - 6*q + 13. Let k be (-7 - -29) + (-3 - -1). Suppose -k = 5*m, 2*m + 11 + 21 = 4*s. List the prime factors of b(s).
5, 17
Let d(f) = 3*f**2 + 3*f + 5. Let g be d(3). Let c = g + -20. What are the prime factors of 7*(1 + 249/c)?
2, 3, 5
Suppose 42*i - 42026 = -102*i + 32278. List the prime factors of i.
2, 3, 43
Let l = -249